 12?
11
Suppose 0 = 5*r - r. Suppose -4*v + 9*v - 65 = r. Calculate the remainder when 37 is divided by v.
11
Let x(j) = j**3 + j - 1. Let s be x(0). Let l be 2/(-6) + s/(-3). What is the remainder when 22 is divided by l + 1*(-1 + 7)?
4
Let f = -327 - -488. Let k be 97 - (-2)/((-4)/2). Let j = f - k. What is the remainder when j is divided by 22?
21
Let r = 2 - -3. Let s = 5 + r. What is the remainder when s is divided by 6?
4
Let v(r) = r**3 + 3*r**2 - r - 2. Let z be v(-3). Let d be 0 + (2 + z - 3). Suppose d*a - 24 = -4*a. Calculate the remainder when 21 is divided by a.
3
Let f = 5 + -9. Let s = -7 + 15. Calculate the remainder when (-1)/4 - 93/f is divided by s.
7
Suppose 3*n - 2*m = 195, -5*n + n + 4*m = -264. Suppose 2*q + 0*s - 30 = -2*s, -3*q + 3*s + n = 0. Calculate the remainder when q is divided by 10.
8
Let m = -41 + 71. Suppose x - 5*r - 15 - m = 0, 71 = 3*x + r. What is the remainder when x is divided by 9?
7
Let s be -7*(8/(-4) - -1). Suppose 3*w = 5*z - 29 - 2, 4*z = w + 22. Let t = s + w. Calculate the remainder when 14 is divided by t.
4
Let n = 3 + 1. Suppose -2*i + 284 = n*k, 61 = k + 4*i - i. Calculate the remainder when k is divided by 15.
13
Let y(r) = -r**3 + 7*r**2 - 5*r + 1. Let h(q) = q**3 + 15*q**2 - 18*q - 21. Calculate the remainder when h(-16) is divided by y(6).
4
Suppose -237 = -y - 224. Calculate the remainder when 1/2 - (-146)/4 is divided by y.
11
Let l = 29 + 70. Calculate the remainder when l is divided by 17.
14
Let k(w) = w - 3. Let r be k(7). Let z(l) = -r + 4 - 6*l. What is the remainder when 16 is divided by z(-1)?
4
Let z(s) = s**2 + 6. Calculate the remainder when z(-4) is divided by 12.
10
Let u(p) = p**2 - 9*p - 4. What is the remainder when u(13) is divided by 11?
4
Let o = 14 + -9. Suppose 3 = i - 0. Suppose 5*v - 54 = -3*a, 2*a - 5*a + i*v + 30 = 0. What is the remainder when a is divided by o?
3
Let j = 1 - 0. Let q(b) = -2*b - 5. Let p be q(-5). Suppose -5*h = -p*z - 15, -4*z = 3 + 1. What is the remainder when h is divided by j?
0
Let o(n) = 4*n**2 - n. Let q be o(1). Suppose -q*u + 32 = u. Calculate the remainder when 23 is divided by u.
7
Let v be (4/(-5))/(2/10). Let r be 1 - 2/(v/6). Suppose 0 = r*u - 14 - 6. Calculate the remainder when 14 is divided by u.
4
Let n(c) = -2 - 2*c**2 + 1 - c**2 - 1 + 2*c**3 + 4*c. What is the remainder when n(3) is divided by 13?
11
Suppose -b = -2*u, 22 = 5*u - 4*u + 5*b. Suppose -2*v = c + v - 17, -4*v = u*c - 30. What is the remainder when 20 is divided by c?
9
Let n = -8 - -23. What is the remainder when (-12)/15*(-55)/2 is divided by 12/15*(n - 0)?
10
Suppose i = -4*o - 2, 3*o = 5*o - i - 2. Calculate the remainder when (o + -1)*(-1 + -8) is divided by 3.
0
Let n = 29 + -18. Calculate the remainder when n is divided by 5.
1
Let x(h) be the first derivative of -h**4/4 - h**3/3 + 2*h**2 - h - 3. What is the remainder when 13 is divided by x(-3)?
3
Let l(i) = i**3 - 2*i**2 - 2*i. Let p be l(3). Suppose 2*z = 6, -24 = o - p*o + 2*z. What is the remainder when 73 is divided by o?
13
Let g be (272/6)/((-6)/(-9)). Let a = g + -22. What is the remainder when a is divided by 12?
10
Let t(l) = 2*l**2 - 6*l + 6. Let f be (15/6)/((-1)/2). Let x be f/(-2 - 3/(-3)). Calculate the remainder when t(x) is divided by 14.
12
Let q = 86 - 65. What is the remainder when 59 is divided by q?
17
Let n be ((-3)/2 + 2)*-2. Let u(d) = 4*d**2 + 2*d + 1. Calculate the remainder when 7 is divided by u(n).
1
Let n = 0 + 2. Suppose 4*y + 2*b = 126, -6*y + n*y - 5*b + 141 = 0. Calculate the remainder when y is divided by 8.
5
Let q = -9 + 99. Suppose -6*y = -y - q. Suppose 2*x = 6*x - 140. Calculate the remainder when x is divided by y.
17
Let v(k) = -k**2 + 27*k - 14. Let a be v(14). Let d = a - 114. What is the remainder when d is divided by 11?
10
Suppose 0 = -98*y + 102*y - 116. What is the remainder when y is divided by 16?
13
Suppose c + 4 = 19. Calculate the remainder when c is divided by (-10)/3*12/(-5).
7
Suppose -2*r - r - 5*w - 576 = 0, r = 3*w - 192. Calculate the remainder when 3 + (-3)/(9/r) is divided by 23.
21
Let y be 1/(-2)*5*-2. Let d(z) = 3*z**2 - 2*z + 3. Let f be d(y). Suppose -f = -2*g - 2*g. Calculate the remainder when 50 is divided by g.
16
Suppose -8 = -19*d + 15*d. What is the remainder when d is divided by 1?
0
Suppose 5*k + 23 + 27 = 5*s, -s - k + 4 = 0. Calculate the remainder when 19 is divided by s.
5
Let k(b) = -b**3 - 7*b**2 + 7*b - 1. Let u be k(-8). Let j(p) = 2*p - 6. What is the remainder when j(u) is divided by 2?
0
Let m = 17 + -4. Suppose 5*d - 12 = -y, -4*y - 3*d = -d - 30. What is the remainder when m is divided by y?
6
Suppose 6*j + 34 = 8*j. What is the remainder when j is divided by 6?
5
Calculate the remainder when 62 is divided by -3 + 15 - ((-1)/1 - -4).
8
Let y(s) = s**3 + 7*s**2 + 5*s. Let w be y(-6). Calculate the remainder when (-130)/(-4)*w/5 is divided by 10.
9
Let d(o) = o**3 - 10*o**2. Let i be d(10). Suppose i = -7*k + 2*k + 45. Let q = 9 - -25. What is the remainder when q is divided by k?
7
Suppose 4*n - 8*n = -3*d + 45, 3*n - 13 = -2*d. Let s(t) = -t**2 + 6*t - 5. Calculate the remainder when d is divided by s(4).
2
Let b be (2 - 1)*8*5. Suppose -3*p + b + 5 = 0. Let x = 83 - 79. Calculate the remainder when p is divided by x.
3
Let n(k) = 3*k + 1. Let v = 2 - -3. Calculate the remainder when 62 is divided by n(v).
14
Let f = -4 - -4. Suppose 2*k - 22 = -f*k. Suppose 0 = 3*z - 7 - 11. Calculate the remainder when k is divided by z.
5
Let k(a) = a**2 + 8*a - 37. What is the remainder when k(-14) is divided by 24?
23
Suppose 60 = b + 2*b. Suppose 4*x + 1 = 3*r + 30, -5*r + x - b = 0. What is the remainder when 24 is divided by 6/(r*2/(-9))?
6
Let g(d) = -3*d - 2 + 10 + 5*d. Let h(l) = -l**3 + 8*l**2 - 7*l + 7. Calculate the remainder when g(6) is divided by h(7).
6
Let n(x) = -5*x - 23. What is the remainder when 44 is divided by n(-7)?
8
Suppose 2*f - 3*j = -5*j - 20, f + 25 = -4*j. Calculate the remainder when 3/f - 1172/(-20) is divided by 15.
13
Let b(u) = u**3 + 2*u**2 + u - 4. Let o be b(-3). Suppose g + 5 = -m + 51, 3*m + 2*g = 138. Calculate the remainder when m is divided by (o/6)/4*-24.
14
Suppose -88 = -4*v - 4*s, v + 2*s = 3*s + 12. Let g(y) = 4*y - 22. Calculate the remainder when v is divided by g(7).
5
Suppose -t + 4*t = 117. What is the remainder when t is divided by 7?
4
Let t = -108 - -53. Let l = t - -78. What is the remainder when l is divided by (-84)/(-10) - 4/10?
7
Suppose -184 = -4*j - 164. Suppose 0 = 5*m + 14 - 54. What is the remainder when m is divided by j?
3
Suppose 0 = -r + 25 - 5. What is the remainder when 38 is divided by r?
18
Let c be (2*2)/((-2)/(-15)). Let m = -26 - -42. Let k = c - m. Calculate the remainder when k is divided by 8.
6
Suppose 5*h - 4*d = 269, 3*h - 267 + 110 = -2*d. Calculate the remainder when h is divided by 28.
25
Let w = 20 - 3. Let c = 14 + -6. Suppose -40 = -h - c. Calculate the remainder when h is divided by w.
15
Let c = -57 + 105. Calculate the remainder when c is divided by 13.
9
Suppose 4 = 4*j + 4*v - 12, -4*v + 10 = j. Calculate the remainder when 5 is divided by j.
1
Let c(j) = j**3 - 2*j**2 - 8*j + 3. Suppose -2*p + p = -13. What is the remainder when c(5) is divided by p?
12
Suppose 0*f - f + 2*q + 10 = 0, -68 = -4*f + q. Calculate the remainder when f is divided by 7.
4
Suppose -67 - 50 = -3*z. Suppose -i - 2*i + 60 = 0. What is the remainder when z is divided by i?
19
Let i = 83 - 41. What is the remainder when i is divided by 15?
12
Let j be (-47)/(-2 + (-2 - -3)). Suppose -2*o + 50 = o + b, 3*o - j = -4*b. What is the remainder when o is divided by 10?
7
Let b(y) = 5*y - 3*y + 8 - y. Calculate the remainder when b(6) is divided by 5.
4
Let i = 219 + -139. Suppose -2*f + 6*f - 2*b + i = 0, 2*f - 5*b + 24 = 0. Let q = f + 48. What is the remainder when q is divided by 9?
8
Suppose -585 = -13*h + 10*h. Calculate the remainder when h is divided by 28.
27
Suppose 5*b - 39 = 11. Let s = 72 + -53. What is the remainder when s is divided by b?
9
Let u = 6 + -5. Let r(d) = -622*d - 1. Let i be r(u). Calculate the remainder when 37 is divided by 4/14 + i/(-49).
11
Let p = -76 - -93. Let f(v) = -11*v - 10. What is the remainder when f(-7) is divided by p?